{"id":216,"date":"2025-05-17T10:14:43","date_gmt":"2025-05-17T10:14:43","guid":{"rendered":"https:\/\/erpabaza.com\/?post_type=product&#038;p=216"},"modified":"2025-05-17T12:33:02","modified_gmt":"2025-05-17T12:33:02","slug":"klasik-visco-yastik","status":"publish","type":"product","link":"https:\/\/erpabaza.com\/?product=klasik-visco-yastik","title":{"rendered":"Klasik Visco Yast\u0131k"},"content":{"rendered":"","protected":false},"excerpt":{"rendered":"<p><strong>\u00dcr\u00fcn Detaylar\u0131<\/strong><\/p>\n<p>Is\u0131ya duyarl\u0131 yap\u0131s\u0131 ile ba\u015f ve boyun b\u00f6lgesinin<br \/>\n\u015feklini al\u0131r ve v\u00fccuda uyum sa\u011flar. Gece<br \/>\nboyunca v\u00fccudunuzu rahatlatarak sabah din\u00e7<br \/>\nkalkman\u0131z\u0131 sa\u011flar. 60 C\u2019de y\u0131kanabilen \u00f6zel bir<br \/>\nk\u0131l\u0131fa sahiptir. 60 C\u2019de bakteri<br \/>\nya\u015fayamayaca\u011f\u0131ndan hijyeniktir. A\u00e7\u0131k h\u00fccre<br \/>\nteknolojisi ile \u00fcretilmi\u015ftir. 48 DNS visco kullan\u0131lm\u0131\u015ft\u0131r.<br \/>\nZararl\u0131 CFC (cloro \uf002oro carbon) maddesi i\u00e7ermez.<\/p>\n","protected":false},"featured_media":403,"template":"","meta":[],"product_brand":[],"product_cat":[21],"product_tag":[],"class_list":{"0":"post-216","1":"product","2":"type-product","3":"status-publish","4":"has-post-thumbnail","6":"product_cat-yatak-puflari-yastik-alez","8":"first","9":"instock","10":"shipping-taxable","11":"product-type-simple"},"_links":{"self":[{"href":"https:\/\/erpabaza.com\/index.php?rest_route=\/wp\/v2\/product\/216","targetHints":{"allow":["GET"]}}],"collection":[{"href":"https:\/\/erpabaza.com\/index.php?rest_route=\/wp\/v2\/product"}],"about":[{"href":"https:\/\/erpabaza.com\/index.php?rest_route=\/wp\/v2\/types\/product"}],"wp:featuredmedia":[{"embeddable":true,"href":"https:\/\/erpabaza.com\/index.php?rest_route=\/wp\/v2\/media\/403"}],"wp:attachment":[{"href":"https:\/\/erpabaza.com\/index.php?rest_route=%2Fwp%2Fv2%2Fmedia&parent=216"}],"wp:term":[{"taxonomy":"product_brand","embeddable":true,"href":"https:\/\/erpabaza.com\/index.php?rest_route=%2Fwp%2Fv2%2Fproduct_brand&post=216"},{"taxonomy":"product_cat","embeddable":true,"href":"https:\/\/erpabaza.com\/index.php?rest_route=%2Fwp%2Fv2%2Fproduct_cat&post=216"},{"taxonomy":"product_tag","embeddable":true,"href":"https:\/\/erpabaza.com\/index.php?rest_route=%2Fwp%2Fv2%2Fproduct_tag&post=216"}],"curies":[{"name":"wp","href":"https:\/\/api.w.org\/{rel}","templated":true}]}}