{"id":209,"date":"2025-05-17T10:12:08","date_gmt":"2025-05-17T10:12:08","guid":{"rendered":"https:\/\/erpabaza.com\/?post_type=product&#038;p=209"},"modified":"2025-05-17T12:27:01","modified_gmt":"2025-05-17T12:27:01","slug":"katlanir-somya","status":"publish","type":"product","link":"https:\/\/erpabaza.com\/?product=katlanir-somya","title":{"rendered":"Katlan\u0131r Somya"},"content":{"rendered":"","protected":false},"excerpt":{"rendered":"<p><strong>\u00dcr\u00fcn Detaylar\u0131<\/strong><\/p>\n<p>* 1 mm st-12 dkp sac ve profillerden \u00fcretilmektedir.<br \/>\n* Elektrostatik f\u0131r\u0131nl\u0131 toz boya ile boyanmaktad\u0131r.<br \/>\n* \u00dcr\u00fcn kurulu bir \u015fekilde ambalajl\u0131 olarak teslim edilmektedir.<br \/>\n* Yatak 10 cm kal\u0131nl\u0131\u011f\u0131nda 28 danste s\u00fcnger jakarl\u0131 kuma\u015ftan<br \/>\n\u00fcretilmektedir. A\u00e7\u0131k halde yerden y\u00fcksekli\u011fi 28 cm\u2019dir.<br \/>\n* Ergonomik hatlar\u0131, \u015f\u0131k tasar\u0131m\u0131 ve kullan\u0131\u015fl\u0131l\u0131\u011f\u0131 ile beklentilerinizin<br \/>\nkar\u015f\u0131l\u0131\u011f\u0131 bir \u00fcr\u00fcnd\u00fcr. \u0130stenilen her \u00f6l\u00e7\u00fcden \u00fcretim yap\u0131labilir.<\/p>\n","protected":false},"featured_media":383,"template":"","meta":[],"product_brand":[],"product_cat":[22],"product_tag":[],"class_list":{"0":"post-209","1":"product","2":"type-product","3":"status-publish","4":"has-post-thumbnail","6":"product_cat-metal-somyalar","8":"first","9":"instock","10":"shipping-taxable","11":"product-type-simple"},"_links":{"self":[{"href":"https:\/\/erpabaza.com\/index.php?rest_route=\/wp\/v2\/product\/209","targetHints":{"allow":["GET"]}}],"collection":[{"href":"https:\/\/erpabaza.com\/index.php?rest_route=\/wp\/v2\/product"}],"about":[{"href":"https:\/\/erpabaza.com\/index.php?rest_route=\/wp\/v2\/types\/product"}],"wp:featuredmedia":[{"embeddable":true,"href":"https:\/\/erpabaza.com\/index.php?rest_route=\/wp\/v2\/media\/383"}],"wp:attachment":[{"href":"https:\/\/erpabaza.com\/index.php?rest_route=%2Fwp%2Fv2%2Fmedia&parent=209"}],"wp:term":[{"taxonomy":"product_brand","embeddable":true,"href":"https:\/\/erpabaza.com\/index.php?rest_route=%2Fwp%2Fv2%2Fproduct_brand&post=209"},{"taxonomy":"product_cat","embeddable":true,"href":"https:\/\/erpabaza.com\/index.php?rest_route=%2Fwp%2Fv2%2Fproduct_cat&post=209"},{"taxonomy":"product_tag","embeddable":true,"href":"https:\/\/erpabaza.com\/index.php?rest_route=%2Fwp%2Fv2%2Fproduct_tag&post=209"}],"curies":[{"name":"wp","href":"https:\/\/api.w.org\/{rel}","templated":true}]}}