{"id":184,"date":"2025-05-17T10:04:18","date_gmt":"2025-05-17T10:04:18","guid":{"rendered":"https:\/\/erpabaza.com\/?post_type=product&#038;p=184"},"modified":"2025-05-17T12:24:07","modified_gmt":"2025-05-17T12:24:07","slug":"visco-king-yatak","status":"publish","type":"product","link":"https:\/\/erpabaza.com\/?product=visco-king-yatak","title":{"rendered":"Visco King Yatak"},"content":{"rendered":"","protected":false},"excerpt":{"rendered":"<p><strong>\u00dcr\u00fcn Detaylar\u0131<\/strong><\/p>\n<p>Uzay teknolojisi ile \u00fcretilen visco<br \/>\nhaf\u0131zal\u0131 ve kal\u00e7a b\u00f6lgesini ayr\u0131 ayr\u0131 destekleyerek g\u00fczel ve do\u011fal<br \/>\nbir uyku sa\u011flar. Ayr\u0131ca VISCO KING Yata\u011f\u0131 \u0131s\u0131ya duyarl\u0131d\u0131r.<br \/>\nOmurga, omuz, bel ve kal\u00e7a b\u00f6lgelerinin \u015feklini al\u0131p v\u00fccut<br \/>\nbas\u0131nc\u0131n\u0131 azaltarak muhte\u015fem bir uyku sa\u011flar.<\/p>\n","protected":false},"featured_media":380,"template":"","meta":[],"product_brand":[],"product_cat":[24],"product_tag":[],"class_list":{"0":"post-184","1":"product","2":"type-product","3":"status-publish","4":"has-post-thumbnail","6":"product_cat-yatak-grubu","8":"first","9":"instock","10":"shipping-taxable","11":"product-type-simple"},"_links":{"self":[{"href":"https:\/\/erpabaza.com\/index.php?rest_route=\/wp\/v2\/product\/184","targetHints":{"allow":["GET"]}}],"collection":[{"href":"https:\/\/erpabaza.com\/index.php?rest_route=\/wp\/v2\/product"}],"about":[{"href":"https:\/\/erpabaza.com\/index.php?rest_route=\/wp\/v2\/types\/product"}],"wp:featuredmedia":[{"embeddable":true,"href":"https:\/\/erpabaza.com\/index.php?rest_route=\/wp\/v2\/media\/380"}],"wp:attachment":[{"href":"https:\/\/erpabaza.com\/index.php?rest_route=%2Fwp%2Fv2%2Fmedia&parent=184"}],"wp:term":[{"taxonomy":"product_brand","embeddable":true,"href":"https:\/\/erpabaza.com\/index.php?rest_route=%2Fwp%2Fv2%2Fproduct_brand&post=184"},{"taxonomy":"product_cat","embeddable":true,"href":"https:\/\/erpabaza.com\/index.php?rest_route=%2Fwp%2Fv2%2Fproduct_cat&post=184"},{"taxonomy":"product_tag","embeddable":true,"href":"https:\/\/erpabaza.com\/index.php?rest_route=%2Fwp%2Fv2%2Fproduct_tag&post=184"}],"curies":[{"name":"wp","href":"https:\/\/api.w.org\/{rel}","templated":true}]}}