{"id":175,"date":"2025-05-17T10:01:33","date_gmt":"2025-05-17T10:01:33","guid":{"rendered":"https:\/\/erpabaza.com\/?post_type=product&#038;p=175"},"modified":"2025-05-17T12:16:49","modified_gmt":"2025-05-17T12:16:49","slug":"capri-comfort-yatak","status":"publish","type":"product","link":"https:\/\/erpabaza.com\/?product=capri-comfort-yatak","title":{"rendered":"Capri Comfort Yatak"},"content":{"rendered":"","protected":false},"excerpt":{"rendered":"<p><strong>\u00dcr\u00fcn Detaylar\u0131<\/strong><\/p>\n<p>Viscoped yatak pedi, her t\u00fcr yata\u011f\u0131n \u00fczerinde VISCO konforunu ve kalitesini hissedebilmeniz i\u00e7in tasarlanm\u0131\u015ft\u0131r. Is\u0131ya ve bas\u0131nca duyarl\u0131 viskoelastik malzeme, anti-bakteriyel \u00f6zellikli y\u0131kanabilir k\u0131l\u0131f\u0131 ile y\u0131llarca konforlu bir uyku sunar. Viscoped t\u00fcm standart yatak \u00f6l\u00e7\u00fclerinde mevcuttur.<\/p>\n","protected":false},"featured_media":358,"template":"","meta":[],"product_brand":[],"product_cat":[24],"product_tag":[],"class_list":{"0":"post-175","1":"product","2":"type-product","3":"status-publish","4":"has-post-thumbnail","6":"product_cat-yatak-grubu","8":"first","9":"instock","10":"shipping-taxable","11":"product-type-simple"},"_links":{"self":[{"href":"https:\/\/erpabaza.com\/index.php?rest_route=\/wp\/v2\/product\/175","targetHints":{"allow":["GET"]}}],"collection":[{"href":"https:\/\/erpabaza.com\/index.php?rest_route=\/wp\/v2\/product"}],"about":[{"href":"https:\/\/erpabaza.com\/index.php?rest_route=\/wp\/v2\/types\/product"}],"wp:featuredmedia":[{"embeddable":true,"href":"https:\/\/erpabaza.com\/index.php?rest_route=\/wp\/v2\/media\/358"}],"wp:attachment":[{"href":"https:\/\/erpabaza.com\/index.php?rest_route=%2Fwp%2Fv2%2Fmedia&parent=175"}],"wp:term":[{"taxonomy":"product_brand","embeddable":true,"href":"https:\/\/erpabaza.com\/index.php?rest_route=%2Fwp%2Fv2%2Fproduct_brand&post=175"},{"taxonomy":"product_cat","embeddable":true,"href":"https:\/\/erpabaza.com\/index.php?rest_route=%2Fwp%2Fv2%2Fproduct_cat&post=175"},{"taxonomy":"product_tag","embeddable":true,"href":"https:\/\/erpabaza.com\/index.php?rest_route=%2Fwp%2Fv2%2Fproduct_tag&post=175"}],"curies":[{"name":"wp","href":"https:\/\/api.w.org\/{rel}","templated":true}]}}