{"id":172,"date":"2025-05-17T09:59:53","date_gmt":"2025-05-17T09:59:53","guid":{"rendered":"https:\/\/erpabaza.com\/?post_type=product&#038;p=172"},"modified":"2025-05-17T12:13:34","modified_gmt":"2025-05-17T12:13:34","slug":"alara-yatak","status":"publish","type":"product","link":"https:\/\/erpabaza.com\/?product=alara-yatak","title":{"rendered":"Alara Yatak"},"content":{"rendered":"","protected":false},"excerpt":{"rendered":"<p><strong>\u00dcr\u00fcn Detaylar\u0131<\/strong><\/p>\n<p>\u00d6zel yay sistemi ile esnek yap\u0131s\u0131 omurgan\u0131z\u0131n do\u011fal \u015feklini<br \/>\nkoruyarak vucudunuzun yay konstr\u00fcksiyonunda tam destek<br \/>\nalmas\u0131n\u0131 sa\u011flar.<br \/>\nAlara Yatak ile her daim huzurlu bir uyku tadabilirsiniz.<\/p>\n","protected":false},"featured_media":352,"template":"","meta":[],"product_brand":[],"product_cat":[24],"product_tag":[],"class_list":{"0":"post-172","1":"product","2":"type-product","3":"status-publish","4":"has-post-thumbnail","6":"product_cat-yatak-grubu","8":"first","9":"instock","10":"shipping-taxable","11":"product-type-simple"},"_links":{"self":[{"href":"https:\/\/erpabaza.com\/index.php?rest_route=\/wp\/v2\/product\/172","targetHints":{"allow":["GET"]}}],"collection":[{"href":"https:\/\/erpabaza.com\/index.php?rest_route=\/wp\/v2\/product"}],"about":[{"href":"https:\/\/erpabaza.com\/index.php?rest_route=\/wp\/v2\/types\/product"}],"wp:featuredmedia":[{"embeddable":true,"href":"https:\/\/erpabaza.com\/index.php?rest_route=\/wp\/v2\/media\/352"}],"wp:attachment":[{"href":"https:\/\/erpabaza.com\/index.php?rest_route=%2Fwp%2Fv2%2Fmedia&parent=172"}],"wp:term":[{"taxonomy":"product_brand","embeddable":true,"href":"https:\/\/erpabaza.com\/index.php?rest_route=%2Fwp%2Fv2%2Fproduct_brand&post=172"},{"taxonomy":"product_cat","embeddable":true,"href":"https:\/\/erpabaza.com\/index.php?rest_route=%2Fwp%2Fv2%2Fproduct_cat&post=172"},{"taxonomy":"product_tag","embeddable":true,"href":"https:\/\/erpabaza.com\/index.php?rest_route=%2Fwp%2Fv2%2Fproduct_tag&post=172"}],"curies":[{"name":"wp","href":"https:\/\/api.w.org\/{rel}","templated":true}]}}