{"id":158,"date":"2025-05-17T09:54:14","date_gmt":"2025-05-17T09:54:14","guid":{"rendered":"https:\/\/erpabaza.com\/?post_type=product&#038;p=158"},"modified":"2025-05-17T10:43:18","modified_gmt":"2025-05-17T10:43:18","slug":"manolya-karyolali-baza","status":"publish","type":"product","link":"https:\/\/erpabaza.com\/?product=manolya-karyolali-baza","title":{"rendered":"Manolya Karyolal\u0131 Baza"},"content":{"rendered":"","protected":false},"excerpt":{"rendered":"<p><strong>\u00dcr\u00fcn Detaylar\u0131<\/strong><\/p>\n<p>* Ba\u015fl\u0131k ve ba\u015fl\u0131\u011f\u0131n etraf\u0131n\u0131 sararak \u00f6zel dizayn olarak<br \/>\ntasarlanm\u0131\u015ft\u0131r.<br \/>\n* Bazan\u0131n 4 taraf\u0131n\u0131da sarar ve 10 cm kal\u0131nl\u0131\u011f\u0131ndad\u0131r.<br \/>\n* \u015e\u0131k bir g\u00f6r\u00fcn\u00fcm sa\u011flamaktad\u0131r.<br \/>\n* \u00d6zel deri ve tay t\u00fcy\u00fc kuma\u015f kullan\u0131lmaktad\u0131r.<br \/>\n* Bazan\u0131n y\u00fcksekli\u011fi 25 cm\u2019dir.<br \/>\n* Ergonomik bir g\u00f6r\u00fcn\u00fcme sahiptir.<br \/>\n* Siz hayal edin biz yapal\u0131m\u2026<\/p>\n","protected":false},"featured_media":257,"template":"","meta":[],"product_brand":[],"product_cat":[25],"product_tag":[],"class_list":{"0":"post-158","1":"product","2":"type-product","3":"status-publish","4":"has-post-thumbnail","6":"product_cat-baza-grubu","8":"first","9":"instock","10":"shipping-taxable","11":"product-type-simple"},"_links":{"self":[{"href":"https:\/\/erpabaza.com\/index.php?rest_route=\/wp\/v2\/product\/158","targetHints":{"allow":["GET"]}}],"collection":[{"href":"https:\/\/erpabaza.com\/index.php?rest_route=\/wp\/v2\/product"}],"about":[{"href":"https:\/\/erpabaza.com\/index.php?rest_route=\/wp\/v2\/types\/product"}],"wp:featuredmedia":[{"embeddable":true,"href":"https:\/\/erpabaza.com\/index.php?rest_route=\/wp\/v2\/media\/257"}],"wp:attachment":[{"href":"https:\/\/erpabaza.com\/index.php?rest_route=%2Fwp%2Fv2%2Fmedia&parent=158"}],"wp:term":[{"taxonomy":"product_brand","embeddable":true,"href":"https:\/\/erpabaza.com\/index.php?rest_route=%2Fwp%2Fv2%2Fproduct_brand&post=158"},{"taxonomy":"product_cat","embeddable":true,"href":"https:\/\/erpabaza.com\/index.php?rest_route=%2Fwp%2Fv2%2Fproduct_cat&post=158"},{"taxonomy":"product_tag","embeddable":true,"href":"https:\/\/erpabaza.com\/index.php?rest_route=%2Fwp%2Fv2%2Fproduct_tag&post=158"}],"curies":[{"name":"wp","href":"https:\/\/api.w.org\/{rel}","templated":true}]}}