{"id":154,"date":"2025-05-17T09:52:27","date_gmt":"2025-05-17T09:52:27","guid":{"rendered":"https:\/\/erpabaza.com\/?post_type=product&#038;p=154"},"modified":"2025-05-17T10:36:41","modified_gmt":"2025-05-17T10:36:41","slug":"dream-baza-2","status":"publish","type":"product","link":"https:\/\/erpabaza.com\/?product=dream-baza-2","title":{"rendered":"Dream Baza 2"},"content":{"rendered":"","protected":false},"excerpt":{"rendered":"<p><strong>\u00dcr\u00fcn Detaylar\u0131<\/strong><\/p>\n<p>* 8mm Kapak ve Sunta Desen Boyal\u0131<br \/>\n* Elektro Statik Toz Boya<br \/>\n* \u0130\u00e7 aksamlarda paslanmaz \u00e7elik konstr\u00fcksiyon<br \/>\nkullan\u0131lm\u0131\u015ft\u0131r.<br \/>\n* A\u00e7\u0131k pozisyonda kilit sistemi; \u00e7ift emniyet sa\u011flayan<br \/>\nmakas ve amortis\u00f6r sistemi<br \/>\n* Standart baza y\u00fcksekli\u011fi 32 cm ve 5 cm ayak olmak<br \/>\n\u00fczere toplamda 37 cm\u2019dir.<br \/>\n* Bu y\u00fckseklikler talep do\u011frultusunda revize edilebilir.<br \/>\n* Zengin Deri ve Kuma\u015f Alternatif<br \/>\n* Ergonomik bir g\u00f6r\u00fcn\u00fcme sahiptir.<br \/>\n* Baza kapak k\u0131sm\u0131nda ki latalar G\u00fcrgen a\u011fac\u0131ndan 300<br \/>\nderece s\u0131cakl\u0131k ile \u00fcretilmi\u015ftir.<br \/>\n* Latalar 6 cm geni\u015fli\u011finde 1,5 cm kal\u0131nl\u0131\u011f\u0131ndad\u0131r.<br \/>\n* Latalar esneme \u00f6zelli\u011finden dolay\u0131 yata\u011f\u0131n \u00fczerindeki<br \/>\na\u011f\u0131rl\u0131\u011f\u0131 da\u011f\u0131t\u0131r.<br \/>\n* Latalar\u0131n a\u011f\u0131rl\u0131klar\u0131 dengeli bir \u015fekilde da\u011f\u0131tmas\u0131ndan<br \/>\ndolay\u0131 yata\u011f\u0131n\u0131z\u0131n rahatl\u0131\u011f\u0131 artarken kullan\u0131m \u00f6mr\u00fc de uzar.<\/p>\n","protected":false},"featured_media":236,"template":"","meta":[],"product_brand":[],"product_cat":[25],"product_tag":[],"class_list":{"0":"post-154","1":"product","2":"type-product","3":"status-publish","4":"has-post-thumbnail","6":"product_cat-baza-grubu","8":"first","9":"instock","10":"shipping-taxable","11":"product-type-simple"},"_links":{"self":[{"href":"https:\/\/erpabaza.com\/index.php?rest_route=\/wp\/v2\/product\/154","targetHints":{"allow":["GET"]}}],"collection":[{"href":"https:\/\/erpabaza.com\/index.php?rest_route=\/wp\/v2\/product"}],"about":[{"href":"https:\/\/erpabaza.com\/index.php?rest_route=\/wp\/v2\/types\/product"}],"wp:featuredmedia":[{"embeddable":true,"href":"https:\/\/erpabaza.com\/index.php?rest_route=\/wp\/v2\/media\/236"}],"wp:attachment":[{"href":"https:\/\/erpabaza.com\/index.php?rest_route=%2Fwp%2Fv2%2Fmedia&parent=154"}],"wp:term":[{"taxonomy":"product_brand","embeddable":true,"href":"https:\/\/erpabaza.com\/index.php?rest_route=%2Fwp%2Fv2%2Fproduct_brand&post=154"},{"taxonomy":"product_cat","embeddable":true,"href":"https:\/\/erpabaza.com\/index.php?rest_route=%2Fwp%2Fv2%2Fproduct_cat&post=154"},{"taxonomy":"product_tag","embeddable":true,"href":"https:\/\/erpabaza.com\/index.php?rest_route=%2Fwp%2Fv2%2Fproduct_tag&post=154"}],"curies":[{"name":"wp","href":"https:\/\/api.w.org\/{rel}","templated":true}]}}