{"id":17,"date":"2025-05-10T14:16:04","date_gmt":"2025-05-10T14:16:04","guid":{"rendered":"https:\/\/erpabaza.com\/?page_id=17"},"modified":"2025-05-17T13:01:48","modified_gmt":"2025-05-17T13:01:48","slug":"s-s-s","status":"publish","type":"page","link":"https:\/\/erpabaza.com\/?page_id=17","title":{"rendered":"S.S.S."},"content":{"rendered":"\n<div class=\"container section-title-container\" ><h3 class=\"section-title section-title-normal\"><b><\/b><span class=\"section-title-main\" >SIK\u00c7A SORULAN SORULAR<\/span><b><\/b><\/h3><\/div>\n\n<div class=\"accordion\">\n\n\t<div id=\"accordion-2422292843\" class=\"accordion-item\">\n\t\t<a id=\"accordion-2422292843-label\" class=\"accordion-title plain\" href=\"#accordion-item-yata\u011f\u0131m\u0131-yenileme-zaman\u0131m\u0131-nas\u0131l-anlar\u0131m?\" aria-expanded=\"false\" aria-controls=\"accordion-2422292843-content\" >\n\t\t\t<button class=\"toggle\" aria-label=\"A\u00e7\/Kapat\"><i class=\"icon-angle-down\"><\/i><\/button>\n\t\t\t<span>Yata\u011f\u0131m\u0131 yenileme zaman\u0131m\u0131 nas\u0131l anlar\u0131m?<\/span>\n\t\t<\/a>\n\t\t<div id=\"accordion-2422292843-content\" class=\"accordion-inner\" aria-labelledby=\"accordion-2422292843-label\" >\n\t\t\t\n\n<p>Her 8 ile 10 y\u0131l aras\u0131 yata\u011f\u0131n\u0131z\u0131n yenilenmesi tavsiye edilmektedir. Yata\u011f\u0131n\u0131z lekelenmi\u015f, y\u0131rt\u0131lm\u0131\u015f yada bir \u00e7\u00f6kme meydana gelmi\u015f ve de e\u015finizin ve sizin yata\u011f\u0131n \u00fczerinde istemeden sa\u011fa sola kayman\u0131za neden oluyorsa yeni bir yatak alman\u0131z\u0131n zaman\u0131 gelmi\u015f demektir. Bel a\u011fr\u0131lar\u0131 da bu de\u011fi\u015fimin yap\u0131lmas\u0131 gerekti\u011fine dair en iyi g\u00f6stergedir.\n<\/p>\n\n\n\t\t<\/div>\n\t<\/div>\n\t\n\t<div id=\"accordion-1810137982\" class=\"accordion-item\">\n\t\t<a id=\"accordion-1810137982-label\" class=\"accordion-title plain\" href=\"#accordion-item-yataklar\u0131m\u0131zda-garanti-s\u00fcresi-ne-kadard\u0131r?\" aria-expanded=\"false\" aria-controls=\"accordion-1810137982-content\" >\n\t\t\t<button class=\"toggle\" aria-label=\"A\u00e7\/Kapat\"><i class=\"icon-angle-down\"><\/i><\/button>\n\t\t\t<span>Yataklar\u0131m\u0131zda garanti s\u00fcresi ne kadard\u0131r?<\/span>\n\t\t<\/a>\n\t\t<div id=\"accordion-1810137982-content\" class=\"accordion-inner\" aria-labelledby=\"accordion-1810137982-label\" >\n\t\t\t\n\n<p>Erpa Baza yataklar\u0131n\u0131n garanti s\u00fcresi teslim tarihinden itibaren 3 y\u0131ld\u0131r.<\/p>\n\n\n\t\t<\/div>\n\t<\/div>\n\t\n\t<div id=\"accordion-2142302790\" class=\"accordion-item\">\n\t\t<a id=\"accordion-2142302790-label\" class=\"accordion-title plain\" href=\"#accordion-item-ben-titiz-birisiyim-yatak-k\u0131l\u0131f\u0131n\u0131-nas\u0131l-temizleyebilirim?\" aria-expanded=\"false\" aria-controls=\"accordion-2142302790-content\" >\n\t\t\t<button class=\"toggle\" aria-label=\"A\u00e7\/Kapat\"><i class=\"icon-angle-down\"><\/i><\/button>\n\t\t\t<span>Ben titiz birisiyim yatak k\u0131l\u0131f\u0131n\u0131 nas\u0131l temizleyebilirim?<\/span>\n\t\t<\/a>\n\t\t<div id=\"accordion-2142302790-content\" class=\"accordion-inner\" aria-labelledby=\"accordion-2142302790-label\" >\n\t\t\t\n\n<p>Yataklar\u0131m\u0131z\u0131n en \u00f6nemli \u00f6zeliklerinden birisi k\u0131l\u0131flar\u0131m\u0131z\u0131n 40C de y\u0131kanabilir fermuarl\u0131 olmas\u0131d\u0131r. 4 taraf\u0131 fermuarl\u0131 istedi\u011finiz yatak k\u0131l\u0131flar\u0131n\u0131 kolayca tak\u0131l\u0131p \u00e7\u0131kar\u0131labilirsiniz. Anti allerjik ve sanitized \u00f6zellikli firmam\u0131za ait yatak k\u0131l\u0131flar\u0131m\u0131z yataklar\u0131m\u0131zda mite akar birikmesine olanak vermeden ilk g\u00fcnk\u00fc hijyeni size sunmaktad\u0131r. Ast\u0131m problemi olan de\u011ferli m\u00fc\u015fterilerimize \u00f6zellikle \u00f6nermekteyiz.<\/p>\n\n\n\t\t<\/div>\n\t<\/div>\n\t\n\t<div id=\"accordion-1882708832\" class=\"accordion-item\">\n\t\t<a id=\"accordion-1882708832-label\" class=\"accordion-title plain\" href=\"#accordion-item-teslim-s\u00fcresi-ka\u00e7-g\u00fcnd\u00fcr?\" aria-expanded=\"false\" aria-controls=\"accordion-1882708832-content\" >\n\t\t\t<button class=\"toggle\" aria-label=\"A\u00e7\/Kapat\"><i class=\"icon-angle-down\"><\/i><\/button>\n\t\t\t<span>Teslim s\u00fcresi ka\u00e7 g\u00fcnd\u00fcr?<\/span>\n\t\t<\/a>\n\t\t<div id=\"accordion-1882708832-content\" class=\"accordion-inner\" aria-labelledby=\"accordion-1882708832-label\" >\n\t\t\t\n\n<p>Yata\u011f\u0131n\u0131z seri \u00fcretim \u00fcr\u00fcn\u00fc de\u011fil, sizin \u00f6l\u00e7\u00fclerinize g\u00f6re \u00f6zel \u00fcretilmektedir. Bundan dolay\u0131 Ki\u015fiye \u00f6zel yata\u011f\u0131n\u0131z\u0131n teslim s\u00fcresi sipari\u015f tarihinden itibaren 7 g\u00fcnd\u00fcr . \u00d6zel durumlarda erken teslimat fabrikan\u0131n onay\u0131na ba\u011fl\u0131d\u0131r.<\/p>\n\n\n\t\t<\/div>\n\t<\/div>\n\t\n\t<div id=\"accordion-2906145779\" class=\"accordion-item\">\n\t\t<a id=\"accordion-2906145779-label\" class=\"accordion-title plain\" href=\"#accordion-item-geceleyin-e\u015fim-\u00e7ok-fazla-hareket-ediyor.-alaca\u011f\u0131m-yatakta-onun-hareketlerinden-etkilenir-miyim?\" aria-expanded=\"false\" aria-controls=\"accordion-2906145779-content\" >\n\t\t\t<button class=\"toggle\" aria-label=\"A\u00e7\/Kapat\"><i class=\"icon-angle-down\"><\/i><\/button>\n\t\t\t<span>Geceleyin e\u015fim \u00e7ok fazla hareket ediyor. Alaca\u011f\u0131m yatakta onun hareketlerinden etkilenir miyim?<\/span>\n\t\t<\/a>\n\t\t<div id=\"accordion-2906145779-content\" class=\"accordion-inner\" aria-labelledby=\"accordion-2906145779-label\" >\n\t\t\t\n\n<p>\u00d6ncelikle ikiniz i\u00e7in yeterince b\u00fcy\u00fck bir yatak tercih etmelisiniz. Firmam\u0131z\u0131n yataklar\u0131nda e\u015finizin hareketlerinden etkilenmenizi minimum d\u00fczeye indirecek olan 800-1000 ad yaylardan olu\u015fan ba\u011f\u0131ms\u0131z Pocket Yay Sistemi ve h\u00fccresel esneklik ta\u015f\u0131yan do\u011fal lateks malzemeler kullanmaktay\u0131z.<\/p>\n\n\n\t\t<\/div>\n\t<\/div>\n\t\n\t<div id=\"accordion-1239525661\" class=\"accordion-item\">\n\t\t<a id=\"accordion-1239525661-label\" class=\"accordion-title plain\" href=\"#accordion-item-uyku-bozuklu\u011fu-ve-s\u0131rt-a\u011fr\u0131s\u0131-\u00e7ekiyorum-yata\u011f\u0131n\u0131n-faydas\u0131-olur-mu?\" aria-expanded=\"false\" aria-controls=\"accordion-1239525661-content\" >\n\t\t\t<button class=\"toggle\" aria-label=\"A\u00e7\/Kapat\"><i class=\"icon-angle-down\"><\/i><\/button>\n\t\t\t<span>Uyku bozuklu\u011fu ve s\u0131rt a\u011fr\u0131s\u0131 \u00e7ekiyorum yata\u011f\u0131n\u0131n faydas\u0131 olur mu?<\/span>\n\t\t<\/a>\n\t\t<div id=\"accordion-1239525661-content\" class=\"accordion-inner\" aria-labelledby=\"accordion-1239525661-label\" >\n\t\t\t\n\n<p>G\u00fcn\u00fcm\u00fcz \u015fartlar\u0131nda, g\u00fcn i\u00e7inde ya\u015fad\u0131\u011f\u0131m\u0131z stres ko\u015fu\u015fturma k\u0131sacas\u0131 ev ve i\u015f hayat\u0131 v\u00fccudumuzu y\u0131pratmaktad\u0131r. Yap\u0131lan \u00e7e\u015fitli testlerle v\u00fccuda vermi\u015f oldu\u011fu zararlar belirlenmi\u015ftir. V\u00fccudun \u00e7e\u015fitli noktalar\u0131nda olu\u015fan a\u011fr\u0131lar ve stresten kaynaklanan uyku bozukluklar\u0131 ilk uyar\u0131lard\u0131r. Firmam\u0131z taraf\u0131ndan yap\u0131lan \u00e7al\u0131\u015fmalar sonucunda Firmam\u0131z\u0131n yataklar\u0131n\u0131n bel ve s\u0131rt a\u011fr\u0131s\u0131,boyun ve bel f\u0131t\u0131\u011f\u0131 ve benzeri rahats\u0131zl\u0131klara faydas\u0131 oldu\u011fu tespit etmi\u015ftir. Firmam\u0131z\u0131n yataklar\u0131n\u0131 kulland\u0131\u011f\u0131n\u0131z s\u00fcrede yatak sebepli olu\u015fan uyku bozukluklar\u0131 ve d\u00fczensizliklerin azal\u0131\u015f\u0131 say\u0131s\u0131z kere ya\u015fanm\u0131\u015ft\u0131r. <\/p>\n\n\n\t\t<\/div>\n\t<\/div>\n\t\n\t<div id=\"accordion-1290101356\" class=\"accordion-item\">\n\t\t<a id=\"accordion-1290101356-label\" class=\"accordion-title plain\" href=\"#accordion-item-e\u015fim-s\u0131rt\u0131ndan-ameliyat-oldu-y\u00fcz\u00fcst\u00fc-yatabiliyor.-bu-\u015fekilde-\u00f6l\u00e7\u00fc-al\u0131nsa-daha-sonra-normal-yap\u0131s\u0131na-g\u00f6re-\u00f6l\u00e7\u00fc-ald\u0131rabilir-mi?-daha-sonra-yatakta-de\u011fi\u015fiklik-yap\u0131labilir-mi?\" aria-expanded=\"false\" aria-controls=\"accordion-1290101356-content\" >\n\t\t\t<button class=\"toggle\" aria-label=\"A\u00e7\/Kapat\"><i class=\"icon-angle-down\"><\/i><\/button>\n\t\t\t<span>E\u015fim s\u0131rt\u0131ndan ameliyat oldu y\u00fcz\u00fcst\u00fc yatabiliyor. Bu \u015fekilde \u00f6l\u00e7\u00fc al\u0131nsa daha sonra normal yap\u0131s\u0131na g\u00f6re \u00f6l\u00e7\u00fc ald\u0131rabilir mi? Daha sonra yatakta de\u011fi\u015fiklik yap\u0131labilir mi?<\/span>\n\t\t<\/a>\n\t\t<div id=\"accordion-1290101356-content\" class=\"accordion-inner\" aria-labelledby=\"accordion-1290101356-label\" >\n\t\t\t\n\n<p>Ki\u015fiye \u00f6zel yataklar\u0131m\u0131zda, rahats\u0131zl\u0131k durumunuz iyile\u015fti\u011fi taktirde yeni \u00f6l\u00e7\u00fcm\u00fcn\u00fcz al\u0131narak ergonomik de\u011fi\u015fikler yap\u0131lmaktad\u0131r. Bu de\u011fi\u015fiklikler \u00f6nceden belirlenmi\u015f ilave bir hizmet bedeline tabidir.<\/p>\n\n\n\t\t<\/div>\n\t<\/div>\n\t\n\t<div id=\"accordion-3314349789\" class=\"accordion-item\">\n\t\t<a id=\"accordion-3314349789-label\" class=\"accordion-title plain\" href=\"#accordion-item-e\u015fim-ve-bana-tek-bir-yatak-m\u0131-yoksa-ayr\u0131-2-yatak-m\u0131-\u00fcretilecek?\" aria-expanded=\"false\" aria-controls=\"accordion-3314349789-content\" >\n\t\t\t<button class=\"toggle\" aria-label=\"A\u00e7\/Kapat\"><i class=\"icon-angle-down\"><\/i><\/button>\n\t\t\t<span>E\u015fim ve bana tek bir yatak m\u0131 yoksa ayr\u0131 2 yatak m\u0131 \u00fcretilecek?<\/span>\n\t\t<\/a>\n\t\t<div id=\"accordion-3314349789-content\" class=\"accordion-inner\" aria-labelledby=\"accordion-3314349789-label\" >\n\t\t\t\n\n<p>Ki\u015fiye \u00f6zel yataklar\u0131m\u0131zda size ve e\u015finize ayr\u0131 ayr\u0131 b\u00f6l\u00fcmleri tek bir yatak i\u00e7inde \u00fcretiyoruz. \u00d6l\u00e7\u00fcmleriniz al\u0131n\u0131rken, yata\u011f\u0131n hangi y\u00f6n\u00fcnde yatt\u0131\u011f\u0131n\u0131z bilgisi ile haz\u0131rlan\u0131r. Sizin ve e\u015finizin v\u00fccut yap\u0131lar\u0131n\u0131z, bel oyuntular\u0131n\u0131z, boylar\u0131n\u0131z, kilolar\u0131n\u0131z neticesinde \u00fcretilerek ayn\u0131 yatakta iki ayr\u0131 konfor sunuyoruz. Yata\u011f\u0131n belirlenmi\u015f b\u00f6l\u00fcm\u00fcnde yatmad\u0131\u011f\u0131n\u0131z zaman alm\u0131\u015f oldu\u011funuz yata\u011f\u0131n standart yataklardan hi\u00e7bir fark\u0131 kalmaz.<\/p>\n\n\n\t\t<\/div>\n\t<\/div>\n\t\n\t<div id=\"accordion-3616322723\" class=\"accordion-item\">\n\t\t<a id=\"accordion-3616322723-label\" class=\"accordion-title plain\" href=\"#accordion-item-e\u015fim-rahats\u0131zl\u0131\u011f\u0131ndan-dolay\u0131-evden-\u00e7\u0131kam\u0131yor-\u00f6l\u00e7\u00fcm-evde-al\u0131nabilir-mi?-b\u00f6yle-bir-servisiniz-var-m\u0131?\" aria-expanded=\"false\" aria-controls=\"accordion-3616322723-content\" >\n\t\t\t<button class=\"toggle\" aria-label=\"A\u00e7\/Kapat\"><i class=\"icon-angle-down\"><\/i><\/button>\n\t\t\t<span>E\u015fim rahats\u0131zl\u0131\u011f\u0131ndan dolay\u0131 evden \u00e7\u0131kam\u0131yor \u00f6l\u00e7\u00fcm evde al\u0131nabilir mi? B\u00f6yle bir servisiniz var m\u0131?<\/span>\n\t\t<\/a>\n\t\t<div id=\"accordion-3616322723-content\" class=\"accordion-inner\" aria-labelledby=\"accordion-3616322723-label\" >\n\t\t\t\n\n<p>M\u00fc\u015fterilerimizin gelemeyecekleri durumlarda ki\u015fiye \u00f6zel yatak \u00f6l\u00e7\u00fcmleri evlerinde yap\u0131labilinmektedir.<\/p>\n\n\n\t\t<\/div>\n\t<\/div>\n\t\n\n<\/div>\n\n","protected":false},"excerpt":{"rendered":"","protected":false},"author":1,"featured_media":0,"parent":0,"menu_order":0,"comment_status":"closed","ping_status":"closed","template":"","meta":{"footnotes":""},"class_list":["post-17","page","type-page","status-publish","hentry"],"_links":{"self":[{"href":"https:\/\/erpabaza.com\/index.php?rest_route=\/wp\/v2\/pages\/17","targetHints":{"allow":["GET"]}}],"collection":[{"href":"https:\/\/erpabaza.com\/index.php?rest_route=\/wp\/v2\/pages"}],"about":[{"href":"https:\/\/erpabaza.com\/index.php?rest_route=\/wp\/v2\/types\/page"}],"author":[{"embeddable":true,"href":"https:\/\/erpabaza.com\/index.php?rest_route=\/wp\/v2\/users\/1"}],"replies":[{"embeddable":true,"href":"https:\/\/erpabaza.com\/index.php?rest_route=%2Fwp%2Fv2%2Fcomments&post=17"}],"version-history":[{"count":2,"href":"https:\/\/erpabaza.com\/index.php?rest_route=\/wp\/v2\/pages\/17\/revisions"}],"predecessor-version":[{"id":424,"href":"https:\/\/erpabaza.com\/index.php?rest_route=\/wp\/v2\/pages\/17\/revisions\/424"}],"wp:attachment":[{"href":"https:\/\/erpabaza.com\/index.php?rest_route=%2Fwp%2Fv2%2Fmedia&parent=17"}],"curies":[{"name":"wp","href":"https:\/\/api.w.org\/{rel}","templated":true}]}}